 5226201?
False
Is 60 a factor of 10366929?
False
Does 15 divide 919770?
True
Is 14 a factor of 1523144?
True
Is 8789480 a multiple of 14?
True
Is 103 a factor of 300840?
False
Does 32 divide 13472?
True
Is 347199 a multiple of 48?
False
Is 42 a factor of 850836?
True
Does 282 divide 847692?
True
Does 84 divide 10400085?
False
Is 1600271 a multiple of 110?
False
Is 2 a factor of 255920?
True
Is 12 a factor of 2718732?
True
Is 13 a factor of 2280278?
True
Is 41 a factor of 822624?
True
Does 19 divide 1005993?
True
Is 3261 a multiple of 7?
False
Does 8 divide 1994384?
True
Is 46 a factor of 31878?
True
Does 497 divide 2158176?
False
Is 66 a factor of 10758?
True
Does 53 divide 3999632?
False
Is 517 a factor of 1949090?
True
Is 4575 a multiple of 12?
False
Does 57 divide 59548?
False
Does 182 divide 2070910?
False
Is 591144 a multiple of 29?
False
Is 1075541 a multiple of 255?
False
Is 4 a factor of 430239?
False
Is 34 a factor of 1958649?
False
Does 44 divide 145345?
False
Is 109 a factor of 3037554?
False
Is 1810571 a multiple of 71?
True
Does 55 divide 39875?
True
Is 85 a factor of 268430?
True
Is 80898 a multiple of 3?
True
Is 2 a factor of 11177?
False
Is 3667680 a multiple of 108?
True
Is 34 a factor of 517378?
True
Is 51 a factor of 191920?
False
Does 18 divide 10062?
True
Is 47 a factor of 6915411?
False
Does 15 divide 668957?
False
Is 92 a factor of 5891312?
True
Is 314 a factor of 1545194?
True
Is 257176 a multiple of 488?
True
Is 15168854 a multiple of 71?
False
Is 1346029 a multiple of 5?
False
Is 1944745 a multiple of 95?
True
Is 12996848 a multiple of 56?
False
Is 108 a factor of 8667377?
False
Does 120 divide 99840?
True
Is 22 a factor of 302852?
True
Is 641 a factor of 79955?
False
Does 466 divide 171276?
False
Does 6 divide 852234?
True
Does 32 divide 1871264?
True
Does 5 divide 27435?
True
Is 10 a factor of 8242402?
False
Is 653834 a multiple of 476?
False
Is 192 a factor of 160800?
False
Is 4386240 a multiple of 60?
True
Does 118 divide 1699436?
True
Is 13 a factor of 1045160?
False
Does 20 divide 2278200?
True
Does 44 divide 24689?
False
Is 634 a factor of 3648036?
True
Is 6 a factor of 46143?
False
Is 587111 a multiple of 14?
False
Does 15 divide 73260?
True
Is 1884014 a multiple of 11?
True
Is 4632 a multiple of 24?
True
Is 390 a factor of 2605793?
False
Does 750 divide 1589752?
False
Is 49804 a multiple of 9?
False
Is 21322577 a multiple of 847?
False
Does 763 divide 2570957?
False
Is 11524 a multiple of 115?
False
Is 219369 a multiple of 249?
True
Is 124301 a multiple of 27?
False
Is 1933 a multiple of 52?
False
Does 29 divide 2132573?
True
Is 88 a factor of 654903?
False
Does 276 divide 1220472?
True
Does 43 divide 6678360?
False
Does 101 divide 47268?
True
Is 563 a factor of 15957275?
False
Is 2165098 a multiple of 12?
False
Does 14 divide 241011?
False
Is 605 a factor of 67155?
True
Does 30 divide 126630?
True
Is 10626434 a multiple of 98?
True
Is 32 a factor of 316362?
False
Does 27 divide 183654?
True
Does 46 divide 246790?
True
Is 36670 a multiple of 5?
True
Is 905022 a multiple of 3?
True
Is 2892 a factor of 435174?
False
Does 701 divide 8423917?
True
Does 117 divide 78390?
True
Does 28 divide 10210226?
False
Is 7 a factor of 278442?
False
Does 56 divide 4736109?
False
Is 427 a factor of 83692?
True
Is 84811 a multiple of 17?
False
Is 55 a factor of 648120?
True
Is 124 a factor of 6054920?
True
Does 8 divide 13113?
False
Does 39 divide 5772?
True
Is 72 a factor of 383224?
False
Is 34333 a multiple of 116?
False
Is 763789 a multiple of 533?
True
Is 122 a factor of 256234?
False
Does 167 divide 677716?
False
Is 3320 a multiple of 10?
True
Is 301193 a multiple of 23?
False
Is 208 a factor of 434928?
True
Does 21 divide 35005?
False
Does 1306 divide 9676154?
True
Is 145 a factor of 3841630?
True
Is 211860 a multiple of 132?
True
Is 1200511 a multiple of 573?
False
Does 172 divide 239080?
True
Is 159 a factor of 7473?
True
Is 116 a factor of 152266?
False
Is 76366 a multiple of 5?
False
Does 190 divide 1369132?
False
Is 861360 a multiple of 32?
False
Is 621231 a multiple of 112?
False
Does 84 divide 940464?
True
Does 40 divide 381730?
False
Is 1836267 a multiple of 123?
True
Is 84 a factor of 1697136?
True
Is 36 a factor of 252?
True
Is 7 a factor of 63308?
True
Is 403055 a multiple of 81?
False
Is 77 a factor of 50281?
True
Is 167277 a multiple of 3?
True
Is 23 a factor of 189167?
False
Is 2078827 a multiple of 209?
False
Does 11 divide 558161?
False
Is 530 a factor of 4669300?
True
Is 620448 a multiple of 138?
True
Is 88 a factor of 15048?
True
Is 213685 a multiple of 19?
False
Is 274031 a multiple of 423?
False
Is 66 a factor of 62442?
False
Does 105 divide 1484678?
False
Is 106654 a multiple of 63?
False
Does 50 divide 1918150?
True
Is 1669536 a multiple of 341?
True
Is 112608 a multiple of 69?
True
Is 102996 a multiple of 86?
False
Is 619662 a multiple of 10?
False
Does 20 divide 541720?
True
Does 842 divide 8279412?
False
Does 67 divide 1437150?
True
Does 40 divide 210080?
True
Does 9 divide 1377042?
False
Is 3737646 a multiple of 387?
True
Is 135 a factor of 793122?
False
Is 1433937 a multiple of 122?
False
Is 731094 a multiple of 14?
True
Does 10 divide 2535?
False
Is 2453698 a multiple of 19?
True
Is 495517 a multiple of 107?
True
Is 342 a factor of 119434?
False
Is 6 a factor of 2971758?
True
Is 1171440 a multiple of 144?
True
Is 2 a factor of 191504?
True
Is 2492611 a multiple of 17?
False
Is 1594 a factor of 6238916?
True
Is 14 a factor of 108948?
True
Does 206 divide 984126?
False
Is 5130 a multiple of 14?
False
Is 438535 a multiple of 3?
False
Is 16466 a multiple of 5?
False
Does 8 divide 889046?
False
Does 53 divide 2893428?
False
Does 5 divide 1955903?
False
Is 42 a factor of 447739?
False
Does 9 divide 50589?
True
Is 393 a factor of 240530?
False
Is 230 a factor of 6741990?
True
Is 1106045 a multiple of 5?
True
Is 5620555 a multiple of 131?
True
Is 1663347 even?
False
Does 6 divide 41849?
False
Is 5 a factor of 13474?
False
Is 148 a factor of 1522445?
False
Is 21 a factor of 111069?
True
Does 43 divide 16076324?
True
Is 153 a factor of 1058913?
True
Does 333 divide 218448?
True
Does 38 divide 697270?
False
Is 10 a factor of 859785?
False
Is 439 a factor of 787051?
False
Does 384 divide 5044187?
False
Does 37 divide 463044?
False
Does 11 divide 10806191?
True
Is 170970 a multiple of 82?
True
Does 195 divide 562770?
True
Is 8188565 a multiple of 1142?
False
Is 395365 a multiple of 39?
False
Is 3 a factor of 105139?
False
Is 3063360 a multiple of 480?
True
Is 109 a factor of 139629?
True
Is 282964 a multiple of 22?
True
Is 233 a factor of 939899?
False
Does 483 divide 415184?
False
Is 429020 a multiple of 380?
True
Is 138 a factor of 262890?
True
Is 23 a factor of 6760597?
True
Does 110 divide 531015?
False
Is 3785110 a multiple of 161?
True
Does 325 divide 110654?
False
Does 17 divide 12202310?
False
Does 193 divide 13640?
False
Is 344980 a multiple of 367?
True
Is 3 a factor of 28453?
False
Is 10654810 a multiple of 84?
False
Does 194 divide 908114?
True
Is 30 a factor of 1467992?
False
Is 1052037 a multiple of 4?
False
Does 4 divide 1162726?
False
Does 669 divide 1285365?
False
Is 23 a factor of 272067?
True
Does 36 divide 1576320?
False
Does 94 divide 24930?
False
Does 3 divide 3315?
True
Is 383 a factor of 2193441?
True
Is 390872 a multiple of 101?
False
Is 95604 a multiple of 84?
False
Is 797440 a multiple of 64?
True
Is 844570 a multiple of 4?
False
Is 328 a factor of 14210928?
True
Does 199 divide 2557664?
False
Is 2257871 a multiple of 649?
True
Is 14 a factor of 467319?
False
Is 7 a factor of 153984?
False
Is 1494575 a multiple of 955?
True
Is 32 a factor of 56173?
False
Is 131100 a multiple of 5?
True
Is 107 a factor of 2011013?
False
Does 55 divide 1648186?
False
Is 33 a factor of 79412?
False
Is 5482272 a multiple of 1001?
False
Is 5562064 a multiple of 575?
False
Does 59 divide 95851?
False
Does 20 divide 51840?
True
Does 195 divide 7286370?
True
Does 456 divide 855483?
False
Does 46 divide 768752?
True
Is 644 a factor of 8619?
False
Is 240097 a multiple of 120?
False
Is 1485739 a multiple of 48?
False
Does 5 divide 1180?
True
Does 327 divide 847222?
False
Is 145410 a multiple of 74?
True